 0. Suppose 808 = -54*c + 24*c + 3808. Calculate the greatest common divisor of c and n.
4
Suppose 138092 = 9*s + 37*s. What is the highest common factor of s and 158?
158
Let i(v) = -v**2 - 56*v + 180. Let b be i(-43). What is the highest common divisor of b and 1?
1
Let l(s) = 5*s**2 - 19*s - 86. Let h be l(19). What is the highest common divisor of h and 14?
14
Let h = 202 - 207. Let s(d) = 4*d - 10. Let t be s(9). Let n = t + h. What is the highest common factor of 147 and n?
21
Suppose 4*o + 0*o - 40 = 0. Let z = 65131 + -65127. Calculate the highest common divisor of o and z.
2
Let r = 248 - 212. What is the greatest common factor of 477 and r?
9
Suppose -25*q + 20*q + 3*k + 16 = 0, 2*k = 6. What is the highest common divisor of q and 43?
1
Let k be 14/6 - 2 - 415/(-15). Let w = 111 + -83. What is the highest common divisor of k and w?
28
Let v(i) = 26*i + 112. Let o be v(-4). Let w be (-19)/(-2) - 3/6. Suppose -4 = -w*p + o*p. Calculate the highest common factor of p and 2.
2
Let u = 108 + -103. Let c be (4/(-10) - (-2)/u)/2. Let r = c - -68. What is the greatest common factor of r and 4?
4
Let z(g) = -g**2 - 12*g - 23. Let v be z(-10). Let w be v + ((-160)/8)/(-2). What is the highest common factor of w and 77?
7
Let b be (15 - 21)/(-2 + 931/476). Calculate the highest common divisor of 264 and b.
8
Let v be ((-82)/3)/((-3)/(-108)). Let f be 8/((-64)/v) - (1 + 2). Calculate the highest common divisor of f and 12.
12
Let b(a) = 1263*a + 7642. Let l be b(-4). What is the greatest common divisor of l and 210?
70
Let v(z) = z**3 + 3*z**2 - 3*z - 22. Let g be v(-7). Let t = -87 - g. Let s be ((-2)/3)/((-4)/66). Calculate the highest common factor of t and s.
11
Suppose -21*a + 4*u + 180 = -18*a, -u + 74 = a. Calculate the highest common divisor of a and 2754.
34
Let a(c) = 2*c**2 + 8*c + 27. Let t be a(-5). Suppose -6*j - 7215 = -21*j. What is the highest common factor of t and j?
37
Let y(i) = 17*i**2 + 26*i - 45. Let q be y(-4). What is the greatest common divisor of q and 10947?
123
Let g(q) = 26*q - 16. Suppose -5*l = 4*t + 25, -t - 20 = 4*l + t. Let b be g(l). Let s = -2 - b. What is the greatest common divisor of s and 36?
36
Suppose -5*y + 158 = -t, 5*y - 2798*t - 190 = -2793*t. What is the greatest common factor of y and 2238?
6
Let y(p) = 64*p - 1. Let r be y(1). Suppose -149*w = -150*w + 9. Calculate the highest common divisor of w and r.
9
Let h = -295 + 306. Suppose 16*l - 150 = h*l. Calculate the greatest common factor of l and 45.
15
Let d(w) = -2*w**3 + 2*w**2 - 71*w - 146. Let p be d(-2). What is the greatest common factor of 508 and p?
4
Suppose 3*h + h + 3*m = 1068, -2*m - 520 = -2*h. Let r = -253 + h. Suppose 0 = 5*k - 10, 4*s - k - 350 = -0*k. Calculate the highest common divisor of r and s.
11
Suppose -j + 33 + 22 = 2*z, 5*z + 320 = 5*j. Let s be (-6 - j/(-3)) + (-4)/(-6). Calculate the greatest common divisor of s and 240.
15
Let g be (494/(-39))/(146/(-2409)). Suppose 0 = 5*j - 2*j + 9. Let q be j/(18/38)*-3. Calculate the highest common factor of g and q.
19
Let y(s) = 66*s**2 - s - 1. Let l be y(-1). Suppose 11*d - 39 - 5 = 0. Suppose 3*j - 4*j - 3*m = -6, j + d*m = 6. What is the highest common factor of l and j?
6
Suppose -4*z + 238 - 70 = 0. Suppose 0 = -27*v - 35*v + 1116. Suppose 5*y = -v*y + 2415. What is the greatest common factor of z and y?
21
Let a(r) = -r**2 - 14*r + 7. Let b be a(-8). Let m = 152 + -244. Let v be 2/5 - m/20. Calculate the highest common divisor of b and v.
5
Let y be 1/((-2)/(-2)) + 2. Let m = 121082 + -121067. What is the highest common divisor of y and m?
3
Suppose 0 = -7*r + 22*r - 0*r - 18375. What is the greatest common divisor of 98 and r?
49
Let f = 42711 + -20937. What is the greatest common factor of f and 38?
38
Suppose -266 = -3*g + 5*m, g - 13*m - 83 = -17*m. What is the highest common divisor of 8033 and g?
29
Suppose 5*m - m - 616 = 0. Let o be 4/24*2 - 68/(-3). Suppose 4*i - 3*x = 41, 0 = 5*i - x - o - 42. What is the greatest common factor of i and m?
14
Let i be (-1)/((-39)/6 + 6). Let l(o) = 19*o**2 - 2*o. Let p be l(i). What is the greatest common divisor of 40 and p?
8
Let g be 7 - (24/(-4))/(-2). Suppose -5*l - 2*u = -32, g*l - 2*l = 3*u + 9. Suppose -l*d = -141 + 9. Calculate the greatest common divisor of 110 and d.
22
Let k(d) = -d**2 - 19*d - 41. Let i be k(-13). Let y = -13 + i. Suppose y = 13*m - 11*m. Calculate the greatest common factor of 84 and m.
12
Let c = 40 + -68. Let z = -21 - c. Suppose z*d = 9*d - 56. Calculate the greatest common factor of d and 4.
4
Suppose 10 = l + 5. Suppose 5*g = l*u + 910 - 235, 3*u = -g + 135. Calculate the highest common divisor of g and 15.
15
Let t(l) = 7*l**2 + 124 + 5*l - 4*l**2 - 100 - 3*l. Let a be t(-6). Calculate the highest common divisor of 90 and a.
30
Suppose 9*h + 2*x + 113156 = 13*h, 6 = -3*x. What is the highest common divisor of h and 221?
221
Let s be (-9)/(-12) - (918867/(-68))/43. Calculate the highest common divisor of 441 and s.
63
Suppose 0 = 5*c + 3*y - 54, -c + 5*y = c - 3. Let d(t) = -34*t - 219. Let w be d(-9). Calculate the greatest common divisor of w and c.
3
Let b be ((-70)/(-100))/(3/15)*4. Let u be 1536/14*(21 - b). What is the greatest common factor of u and 96?
96
Let f(i) = 13*i**2 + 176*i + 481. Let l be f(-3). Calculate the greatest common divisor of l and 310.
10
Let b(t) = -5*t - 19. Let s(i) = -27*i - 75. Let d(y) = -9*b(y) + 2*s(y). Suppose -4*f = 30 - 2. Let c be d(f). What is the highest common factor of c and 126?
42
Let r(i) = 3*i**3 + 30*i**2 - 11*i + 23. Let t be r(-10). Let h(o) = -o + 32. Let k be h(-6). Calculate the highest common factor of t and k.
19
Let i be 5 + -7 + (0/(-3))/(-2). Let r be (-52)/(-60) + i/(-15). What is the greatest common divisor of r and 24?
1
Let o(i) = 2*i**3 - 24*i**2 + 17*i - 1. Let j be o(12). Let k = j - 28. What is the greatest common factor of 35 and k?
35
Suppose -t + 6*i + 17 = i, 3 = i. Suppose -5*y + 4 = -3*y, d - y = 94. Suppose -16 = c - d. What is the highest common divisor of c and t?
16
Let n(l) be the third derivative of 35*l**4/24 - 83*l**3/3 + 2*l**2 + 27. Let c be n(17). Calculate the greatest common factor of c and 33.
33
Suppose 3*r + 3*b - 9 = 0, 5 + 16 = r - 5*b. Let i be 776/24 - 10 - (-4)/(-3). What is the greatest common divisor of i and r?
3
Let f be (-2)/(-11) - ((-203072)/418 - 14). What is the highest common divisor of f and 270?
10
Suppose -3*m = 2*k - 2251, 4*m - 5*k = 2*m + 1469. Let p be 4/(-6) - 3765/225*-5. What is the highest common factor of m and p?
83
Let o(n) = 16*n + 78. Let q be o(-3). Let t be q/4*(-7 + 9). What is the highest common divisor of 12 and t?
3
Suppose -f + 139 = -4*x, 3*x - 4*f - 45 = -133. Let p be 6 - (x + 5) - 7. Suppose -4*k + 50 = k. Calculate the highest common divisor of p and k.
10
Suppose k + 403 = 3*q - 3*k, -2*q + k + 267 = 0. Let x = q - 124. What is the greatest common factor of 288 and x?
9
Let f(h) = h**3 - 22*h**2 + 17*h + 110. Let p be f(21). Suppose 110 = 17*s - p. Suppose -u + 2 = u. Calculate the highest common factor of s and u.
1
Let q(a) = a + 18. Let v be q(0). Let f(o) = o**2 - 276 - 52*o + o**2 - o**2 + 64*o. Let g be f(12). What is the greatest common divisor of g and v?
6
Suppose 16*u - 15128 = -40*u - 5*u. Let p = -22 - -53. Calculate the highest common divisor of u and p.
31
Let w(c) = -c**3 - 36*c**2 + c + 70. Let g be w(-36). Suppose -22 = -2*i + g. What is the highest common divisor of 140 and i?
28
Let o(i) = -10*i**3 - 116*i**2 - 28*i - 40. Let p be o(-13). Calculate the greatest common factor of 50 and p.
10
Let r = 92 + -66. Suppose 0*q = 2*q - r. Let b(o) = 13*o + 1391. Let k be b(-96). What is the highest common divisor of q and k?
13
Let q(i) = -3*i**3 - 139*i**2 - 431*i - 27. Let m be q(-43). Suppose -4*h = -5*h - 4, -v + 5*h = -484. Calculate the highest common divisor of v and m.
16
Suppose 18 = 3*n - 87. Let u = 94 + -73. What is the highest common divisor of u and n?
7
Let n be 7 + ((-85545)/(-12) - 2*(-3)/24). Calculate the greatest common divisor of 32 and n.
32
Let j be (-4 - -2)*-1*(0 + -10). Let d(v) = -v**3 - 19*v**2 + 16*v + 24. Let i be d(j). What is the greatest common factor of 13 and i?
13
Suppose -23689*j = -23676*j - 975. Let q(a) be